{"id":1987,"date":"2019-08-14T12:23:05","date_gmt":"2019-08-14T10:23:05","guid":{"rendered":"https:\/\/www.deschacht.eu\/realisaties\/gevelbekleding-i-de-haan\/"},"modified":"2026-05-27T15:01:39","modified_gmt":"2026-05-27T13:01:39","slug":"revetement-de-facade-a-la-haie","status":"publish","type":"realisaties","link":"https:\/\/www.deschacht.eu\/fr\/realisaties\/gevelbekleding-i-de-haan\/","title":{"rendered":"Bardage I De Haan"},"content":{"rendered":"<h3 class=\"wp-block-heading\">Entrepreneur: Menuisier Joachim Mortier<\/h3>\n\n\n\n<p class=\"wp-block-paragraph\">Le menuisier Joachim Mortier participe \u00e0 la r\u00e9novation compl\u00e8te d'une maison de ma\u00eetre \u00e0 De Haan. Mortier a pos\u00e9 le rev\u00eatement de fa\u00e7ade, le rev\u00eatement de toiture et la menuiserie int\u00e9rieure. Pour le rev\u00eatement de fa\u00e7ade, il utilise des ardoises en fibre-ciment d'Eternit. Ces ardoises en fibre-ciment r\u00e9sistent aux conditions les plus extr\u00eames : du soleil de plomb \u00e0 un hiver infernal ou \u00e0 une averse de gr\u00eale ou de pluie d'une duret\u00e9 d'acier.\n\nLa salet\u00e9, la poussi\u00e8re, les rayures et m\u00eame les graffitis ne laissent aucune trace sur cette ardoise textur\u00e9e mate. Elle conserve toujours sa forme nette, sa couleur uniforme et son aspect authentique. Les ardoises sont tr\u00e8s l\u00e9g\u00e8res et donc rapides \u00e0 poser. Apr\u00e8s une journ\u00e9e de travail, la fa\u00e7ade \u00e9tait d\u00e9j\u00e0 presque enti\u00e8rement recouverte d'ardoises.<\/p>\n\n\n\n<figure class=\"wp-block-gallery has-nested-images columns-default is-cropped wp-block-gallery-1 is-layout-flex wp-block-gallery-is-layout-flex\">\n\n<figure class=\"wp-block-image size-large\"><img decoding=\"async\" data-id=\"8530\" src=\"https:\/\/www.deschacht.eu\/wp-content\/uploads\/2026\/05\/IMG_4541-e1565784012859-scaled.jpg\" alt=\"IMG 4541 e1565784012859\"\/><\/figure>\n\n<\/figure>\n\n\n\n<figure class=\"wp-block-image size-full\"><img decoding=\"async\" src=\"https:\/\/www.deschacht.eu\/wp-content\/uploads\/2026\/05\/IMG_4541-e1565785701585.webp\" alt=\"IMG 4541 e1565785701585\"\/><\/figure>","protected":false},"featured_media":1989,"template":"","meta":{"_acf_changed":false},"activiteiten":[172,176,173],"producten":[139],"class_list":["post-1987","realisaties","type-realisaties","status-publish","has-post-thumbnail","hentry","activiteiten-algemene-aanneming","activiteiten-dak-en-gevelbouw","activiteiten-industriebouw","producten-gevelbekleding"],"acf":[],"yoast_head":"<!-- This site is optimized with the Yoast SEO plugin v28.4 - https:\/\/yoast.com\/product\/yoast-seo-wordpress\/ -->\n<title>Gevelbekleding in De Haan | Realisatie Deschacht<\/title>\n<meta name=\"description\" content=\"Een woning in De Haan kreeg een fraaie gevelbekleding met materialen van Deschacht.\" \/>\n<meta name=\"robots\" content=\"index, follow, max-snippet:-1, max-image-preview:large, max-video-preview:-1\" \/>\n<link rel=\"canonical\" href=\"https:\/\/www.deschacht.eu\/fr\/realisations\/revetement-de-facade-a-la-haie\/\" \/>\n<meta property=\"og:locale\" content=\"fr_FR\" \/>\n<meta property=\"og:type\" content=\"article\" \/>\n<meta property=\"og:title\" content=\"Gevelbekleding in De Haan | Realisatie Deschacht\" \/>\n<meta property=\"og:description\" content=\"Een woning in De Haan kreeg een fraaie gevelbekleding met materialen van Deschacht.\" \/>\n<meta property=\"og:url\" content=\"https:\/\/www.deschacht.eu\/fr\/realisations\/revetement-de-facade-a-la-haie\/\" \/>\n<meta property=\"og:site_name\" content=\"Deschacht Bouwmaterialen\" \/>\n<meta property=\"article:modified_time\" content=\"2026-05-27T13:01:39+00:00\" \/>\n<meta property=\"og:image\" content=\"https:\/\/www.deschacht.eu\/wp-content\/uploads\/2026\/05\/IMG_4541-e1565785701585.webp\" \/>\n\t<meta property=\"og:image:width\" content=\"450\" \/>\n\t<meta property=\"og:image:height\" content=\"600\" \/>\n\t<meta property=\"og:image:type\" content=\"image\/webp\" \/>\n<meta name=\"twitter:card\" content=\"summary_large_image\" \/>\n<meta name=\"twitter:label1\" content=\"Dur\u00e9e de lecture estim\u00e9e\" \/>\n\t<meta name=\"twitter:data1\" content=\"1 minute\" \/>\n<script type=\"application\/ld+json\" class=\"yoast-schema-graph\">{\"@context\":\"https:\\\/\\\/schema.org\",\"@graph\":[{\"@type\":\"WebPage\",\"@id\":\"https:\\\/\\\/www.deschacht.eu\\\/realisaties\\\/gevelbekleding-i-de-haan\\\/\",\"url\":\"https:\\\/\\\/www.deschacht.eu\\\/realisaties\\\/gevelbekleding-i-de-haan\\\/\",\"name\":\"Gevelbekleding in De Haan | Realisatie Deschacht\",\"isPartOf\":{\"@id\":\"https:\\\/\\\/www.deschacht.eu\\\/#website\"},\"primaryImageOfPage\":{\"@id\":\"https:\\\/\\\/www.deschacht.eu\\\/realisaties\\\/gevelbekleding-i-de-haan\\\/#primaryimage\"},\"image\":{\"@id\":\"https:\\\/\\\/www.deschacht.eu\\\/realisaties\\\/gevelbekleding-i-de-haan\\\/#primaryimage\"},\"thumbnailUrl\":\"https:\\\/\\\/www.deschacht.eu\\\/wp-content\\\/uploads\\\/2026\\\/05\\\/IMG_4541-e1565785701585.webp\",\"datePublished\":\"2019-08-14T10:23:05+00:00\",\"dateModified\":\"2026-05-27T13:01:39+00:00\",\"description\":\"Een woning in De Haan kreeg een fraaie gevelbekleding met materialen van Deschacht.\",\"breadcrumb\":{\"@id\":\"https:\\\/\\\/www.deschacht.eu\\\/realisaties\\\/gevelbekleding-i-de-haan\\\/#breadcrumb\"},\"inLanguage\":\"fr-FR\",\"potentialAction\":[{\"@type\":\"ReadAction\",\"target\":[\"https:\\\/\\\/www.deschacht.eu\\\/realisaties\\\/gevelbekleding-i-de-haan\\\/\"]}]},{\"@type\":\"ImageObject\",\"inLanguage\":\"fr-FR\",\"@id\":\"https:\\\/\\\/www.deschacht.eu\\\/realisaties\\\/gevelbekleding-i-de-haan\\\/#primaryimage\",\"url\":\"https:\\\/\\\/www.deschacht.eu\\\/wp-content\\\/uploads\\\/2026\\\/05\\\/IMG_4541-e1565785701585.webp\",\"contentUrl\":\"https:\\\/\\\/www.deschacht.eu\\\/wp-content\\\/uploads\\\/2026\\\/05\\\/IMG_4541-e1565785701585.webp\",\"width\":450,\"height\":600},{\"@type\":\"BreadcrumbList\",\"@id\":\"https:\\\/\\\/www.deschacht.eu\\\/realisaties\\\/gevelbekleding-i-de-haan\\\/#breadcrumb\",\"itemListElement\":[{\"@type\":\"ListItem\",\"position\":1,\"name\":\"Home\",\"item\":\"https:\\\/\\\/www.deschacht.eu\\\/\"},{\"@type\":\"ListItem\",\"position\":2,\"name\":\"Gevelbekleding I De Haan\"}]},{\"@type\":\"WebSite\",\"@id\":\"https:\\\/\\\/www.deschacht.eu\\\/#website\",\"url\":\"https:\\\/\\\/www.deschacht.eu\\\/\",\"name\":\"Deschacht Bouwmaterialen\",\"description\":\"Impact en verandering in de bouwsector.\",\"publisher\":{\"@id\":\"https:\\\/\\\/www.deschacht.eu\\\/#organization\"},\"potentialAction\":[{\"@type\":\"SearchAction\",\"target\":{\"@type\":\"EntryPoint\",\"urlTemplate\":\"https:\\\/\\\/www.deschacht.eu\\\/?s={search_term_string}\"},\"query-input\":{\"@type\":\"PropertyValueSpecification\",\"valueRequired\":true,\"valueName\":\"search_term_string\"}}],\"inLanguage\":\"fr-FR\"},{\"@type\":\"Organization\",\"@id\":\"https:\\\/\\\/www.deschacht.eu\\\/#organization\",\"name\":\"Deschacht Bouwmaterialen\",\"url\":\"https:\\\/\\\/www.deschacht.eu\\\/\",\"logo\":{\"@type\":\"ImageObject\",\"inLanguage\":\"fr-FR\",\"@id\":\"https:\\\/\\\/www.deschacht.eu\\\/#\\\/schema\\\/logo\\\/image\\\/\",\"url\":\"https:\\\/\\\/www.deschacht.eu\\\/wp-content\\\/uploads\\\/2026\\\/03\\\/Deschacht-Logo.svg\",\"contentUrl\":\"https:\\\/\\\/www.deschacht.eu\\\/wp-content\\\/uploads\\\/2026\\\/03\\\/Deschacht-Logo.svg\",\"caption\":\"Deschacht Bouwmaterialen\"},\"image\":{\"@id\":\"https:\\\/\\\/www.deschacht.eu\\\/#\\\/schema\\\/logo\\\/image\\\/\"}}]}<\/script>\n<!-- \/ Yoast SEO plugin. -->","yoast_head_json":{"title":"Bardage de fa\u00e7ade \u00e0 Le Coq | R\u00e9alisation Deschacht","description":"Une maison du Haan a b\u00e9n\u00e9fici\u00e9 d'un bel habillage de fa\u00e7ade avec des mat\u00e9riaux de Deschacht.","robots":{"index":"index","follow":"follow","max-snippet":"max-snippet:-1","max-image-preview":"max-image-preview:large","max-video-preview":"max-video-preview:-1"},"canonical":"https:\/\/www.deschacht.eu\/fr\/realisations\/revetement-de-facade-a-la-haie\/","og_locale":"fr_FR","og_type":"article","og_title":"Gevelbekleding in De Haan | Realisatie Deschacht","og_description":"Een woning in De Haan kreeg een fraaie gevelbekleding met materialen van Deschacht.","og_url":"https:\/\/www.deschacht.eu\/fr\/realisations\/revetement-de-facade-a-la-haie\/","og_site_name":"Deschacht Bouwmaterialen","article_modified_time":"2026-05-27T13:01:39+00:00","og_image":[{"width":450,"height":600,"url":"https:\/\/www.deschacht.eu\/wp-content\/uploads\/2026\/05\/IMG_4541-e1565785701585.webp","type":"image\/webp"}],"twitter_card":"summary_large_image","twitter_misc":{"Dur\u00e9e de lecture estim\u00e9e":"1 minute"},"schema":{"@context":"https:\/\/schema.org","@graph":[{"@type":"WebPage","@id":"https:\/\/www.deschacht.eu\/realisaties\/gevelbekleding-i-de-haan\/","url":"https:\/\/www.deschacht.eu\/realisaties\/gevelbekleding-i-de-haan\/","name":"Bardage de fa\u00e7ade \u00e0 Le Coq | R\u00e9alisation Deschacht","isPartOf":{"@id":"https:\/\/www.deschacht.eu\/#website"},"primaryImageOfPage":{"@id":"https:\/\/www.deschacht.eu\/realisaties\/gevelbekleding-i-de-haan\/#primaryimage"},"image":{"@id":"https:\/\/www.deschacht.eu\/realisaties\/gevelbekleding-i-de-haan\/#primaryimage"},"thumbnailUrl":"https:\/\/www.deschacht.eu\/wp-content\/uploads\/2026\/05\/IMG_4541-e1565785701585.webp","datePublished":"2019-08-14T10:23:05+00:00","dateModified":"2026-05-27T13:01:39+00:00","description":"Une maison du Haan a b\u00e9n\u00e9fici\u00e9 d'un bel habillage de fa\u00e7ade avec des mat\u00e9riaux de Deschacht.","breadcrumb":{"@id":"https:\/\/www.deschacht.eu\/realisaties\/gevelbekleding-i-de-haan\/#breadcrumb"},"inLanguage":"fr-FR","potentialAction":[{"@type":"ReadAction","target":["https:\/\/www.deschacht.eu\/realisaties\/gevelbekleding-i-de-haan\/"]}]},{"@type":"ImageObject","inLanguage":"fr-FR","@id":"https:\/\/www.deschacht.eu\/realisaties\/gevelbekleding-i-de-haan\/#primaryimage","url":"https:\/\/www.deschacht.eu\/wp-content\/uploads\/2026\/05\/IMG_4541-e1565785701585.webp","contentUrl":"https:\/\/www.deschacht.eu\/wp-content\/uploads\/2026\/05\/IMG_4541-e1565785701585.webp","width":450,"height":600},{"@type":"BreadcrumbList","@id":"https:\/\/www.deschacht.eu\/realisaties\/gevelbekleding-i-de-haan\/#breadcrumb","itemListElement":[{"@type":"ListItem","position":1,"name":"Home","item":"https:\/\/www.deschacht.eu\/"},{"@type":"ListItem","position":2,"name":"Gevelbekleding I De Haan"}]},{"@type":"WebSite","@id":"https:\/\/www.deschacht.eu\/#website","url":"https:\/\/www.deschacht.eu\/","name":"Deschacht Mat\u00e9riaux de construction","description":"Impact et changement dans le secteur de la construction.","publisher":{"@id":"https:\/\/www.deschacht.eu\/#organization"},"potentialAction":[{"@type":"SearchAction","target":{"@type":"EntryPoint","urlTemplate":"https:\/\/www.deschacht.eu\/?s={search_term_string}"},"query-input":{"@type":"PropertyValueSpecification","valueRequired":true,"valueName":"search_term_string"}}],"inLanguage":"fr-FR"},{"@type":"Organization","@id":"https:\/\/www.deschacht.eu\/#organization","name":"Deschacht Mat\u00e9riaux de construction","url":"https:\/\/www.deschacht.eu\/","logo":{"@type":"ImageObject","inLanguage":"fr-FR","@id":"https:\/\/www.deschacht.eu\/#\/schema\/logo\/image\/","url":"https:\/\/www.deschacht.eu\/wp-content\/uploads\/2026\/03\/Deschacht-Logo.svg","contentUrl":"https:\/\/www.deschacht.eu\/wp-content\/uploads\/2026\/03\/Deschacht-Logo.svg","caption":"Deschacht Bouwmaterialen"},"image":{"@id":"https:\/\/www.deschacht.eu\/#\/schema\/logo\/image\/"}}]}},"_links":{"self":[{"href":"https:\/\/www.deschacht.eu\/fr\/wp-json\/wp\/v2\/realisaties\/1987","targetHints":{"allow":["GET"]}}],"collection":[{"href":"https:\/\/www.deschacht.eu\/fr\/wp-json\/wp\/v2\/realisaties"}],"about":[{"href":"https:\/\/www.deschacht.eu\/fr\/wp-json\/wp\/v2\/types\/realisaties"}],"wp:featuredmedia":[{"embeddable":true,"href":"https:\/\/www.deschacht.eu\/fr\/wp-json\/wp\/v2\/media\/1989"}],"wp:attachment":[{"href":"https:\/\/www.deschacht.eu\/fr\/wp-json\/wp\/v2\/media?parent=1987"}],"wp:term":[{"taxonomy":"activiteiten","embeddable":true,"href":"https:\/\/www.deschacht.eu\/fr\/wp-json\/wp\/v2\/activiteiten?post=1987"},{"taxonomy":"producten","embeddable":true,"href":"https:\/\/www.deschacht.eu\/fr\/wp-json\/wp\/v2\/producten?post=1987"}],"curies":[{"name":"bien jou\u00e9","href":"https:\/\/api.w.org\/{rel}","templated":true}]}}

<h3 class="wp-block-heading">Entrepreneur: Menuisier Joachim Mortier</h3>



<p class="wp-block-paragraph">Le menuisier Joachim Mortier participe à la rénovation complète d'une maison de maître à De Haan. Mortier a posé le revêtement de façade, le revêtement de toiture et la menuiserie intérieure. Pour le revêtement de façade, il utilise des ardoises en fibre-ciment d'Eternit. Ces ardoises en fibre-ciment résistent aux conditions les plus extrêmes : du soleil de plomb à un hiver infernal ou à une averse de grêle ou de pluie d'une dureté d'acier.

La saleté, la poussière, les rayures et même les graffitis ne laissent aucune trace sur cette ardoise texturée mate. Elle conserve toujours sa forme nette, sa couleur uniforme et son aspect authentique. Les ardoises sont très légères et donc rapides à poser. Après une journée de travail, la façade était déjà presque entièrement recouverte d'ardoises.</p>



<figure class="wp-block-gallery has-nested-images columns-default is-cropped wp-block-gallery-1 is-layout-flex wp-block-gallery-is-layout-flex">

<figure class="wp-block-image size-large"><img decoding="async" data-id="8530" src="https://www.deschacht.eu/wp-content/uploads/2026/05/IMG_4541-e1565784012859-scaled.jpg" alt="IMG 4541 e1565784012859"/></figure>

</figure>



<figure class="wp-block-image size-full"><img decoding="async" src="https://www.deschacht.eu/wp-content/uploads/2026/05/IMG_4541-e1565785701585.webp" alt="IMG 4541 e1565785701585"/></figure>

<!-- This site is optimized with the Yoast SEO plugin v28.4 - https://yoast.com/product/yoast-seo-wordpress/ -->
<title>Gevelbekleding in De Haan | Realisatie Deschacht</title>
<meta name="description" content="Een woning in De Haan kreeg een fraaie gevelbekleding met materialen van Deschacht." />
<meta name="robots" content="index, follow, max-snippet:-1, max-image-preview:large, max-video-preview:-1" />
<link rel="canonical" href="https://www.deschacht.eu/fr/realisations/revetement-de-facade-a-la-haie/" />
<meta property="og:locale" content="fr_FR" />
<meta property="og:type" content="article" />
<meta property="og:title" content="Gevelbekleding in De Haan | Realisatie Deschacht" />
<meta property="og:description" content="Een woning in De Haan kreeg een fraaie gevelbekleding met materialen van Deschacht." />
<meta property="og:url" content="https://www.deschacht.eu/fr/realisations/revetement-de-facade-a-la-haie/" />
<meta property="og:site_name" content="Deschacht Bouwmaterialen" />
<meta property="article:modified_time" content="2026-05-27T13:01:39+00:00" />
<meta property="og:image" content="https://www.deschacht.eu/wp-content/uploads/2026/05/IMG_4541-e1565785701585.webp" />
	<meta property="og:image:width" content="450" />
	<meta property="og:image:height" content="600" />
	<meta property="og:image:type" content="image/webp" />
<meta name="twitter:card" content="summary_large_image" />
<meta name="twitter:label1" content="Durée de lecture estimée" />
	<meta name="twitter:data1" content="1 minute" />
<script type="application/ld+json" class="yoast-schema-graph">{"@context":"https:\/\/schema.org","@graph":[{"@type":"WebPage","@id":"https:\/\/www.deschacht.eu\/realisaties\/gevelbekleding-i-de-haan\/","url":"https:\/\/www.deschacht.eu\/realisaties\/gevelbekleding-i-de-haan\/","name":"Gevelbekleding in De Haan | Realisatie Deschacht","isPartOf":{"@id":"https:\/\/www.deschacht.eu\/#website"},"primaryImageOfPage":{"@id":"https:\/\/www.deschacht.eu\/realisaties\/gevelbekleding-i-de-haan\/#primaryimage"},"image":{"@id":"https:\/\/www.deschacht.eu\/realisaties\/gevelbekleding-i-de-haan\/#primaryimage"},"thumbnailUrl":"https:\/\/www.deschacht.eu\/wp-content\/uploads\/2026\/05\/IMG_4541-e1565785701585.webp","datePublished":"2019-08-14T10:23:05+00:00","dateModified":"2026-05-27T13:01:39+00:00","description":"Een woning in De Haan kreeg een fraaie gevelbekleding met materialen van Deschacht.","breadcrumb":{"@id":"https:\/\/www.deschacht.eu\/realisaties\/gevelbekleding-i-de-haan\/#breadcrumb"},"inLanguage":"fr-FR","potentialAction":[{"@type":"ReadAction","target":["https:\/\/www.deschacht.eu\/realisaties\/gevelbekleding-i-de-haan\/"]}]},{"@type":"ImageObject","inLanguage":"fr-FR","@id":"https:\/\/www.deschacht.eu\/realisaties\/gevelbekleding-i-de-haan\/#primaryimage","url":"https:\/\/www.deschacht.eu\/wp-content\/uploads\/2026\/05\/IMG_4541-e1565785701585.webp","contentUrl":"https:\/\/www.deschacht.eu\/wp-content\/uploads\/2026\/05\/IMG_4541-e1565785701585.webp","width":450,"height":600},{"@type":"BreadcrumbList","@id":"https:\/\/www.deschacht.eu\/realisaties\/gevelbekleding-i-de-haan\/#breadcrumb","itemListElement":[{"@type":"ListItem","position":1,"name":"Home","item":"https:\/\/www.deschacht.eu\/"},{"@type":"ListItem","position":2,"name":"Gevelbekleding I De Haan"}]},{"@type":"WebSite","@id":"https:\/\/www.deschacht.eu\/#website","url":"https:\/\/www.deschacht.eu\/","name":"Deschacht Bouwmaterialen","description":"Impact en verandering in de bouwsector.","publisher":{"@id":"https:\/\/www.deschacht.eu\/#organization"},"potentialAction":[{"@type":"SearchAction","target":{"@type":"EntryPoint","urlTemplate":"https:\/\/www.deschacht.eu\/?s={search_term_string}"},"query-input":{"@type":"PropertyValueSpecification","valueRequired":true,"valueName":"search_term_string"}}],"inLanguage":"fr-FR"},{"@type":"Organization","@id":"https:\/\/www.deschacht.eu\/#organization","name":"Deschacht Bouwmaterialen","url":"https:\/\/www.deschacht.eu\/","logo":{"@type":"ImageObject","inLanguage":"fr-FR","@id":"https:\/\/www.deschacht.eu\/#\/schema\/logo\/image\/","url":"https:\/\/www.deschacht.eu\/wp-content\/uploads\/2026\/03\/Deschacht-Logo.svg","contentUrl":"https:\/\/www.deschacht.eu\/wp-content\/uploads\/2026\/03\/Deschacht-Logo.svg","caption":"Deschacht Bouwmaterialen"},"image":{"@id":"https:\/\/www.deschacht.eu\/#\/schema\/logo\/image\/"}}]}</script>
<!-- / Yoast SEO plugin. -->

Bardage de façade à Le Coq | Réalisation Deschacht

Une maison du Haan a bénéficié d'un bel habillage de façade avec des matériaux de Deschacht.

Deschacht Matériaux de construction

bien joué
